-7) + (-20 - (-62 + 2)).
20
What is -67 - (101 + -3 + -222)?
57
-48 + -4 + (-12 - -13 - -6) - -10
-35
(-2 - 2) + 4 + -3 - -58 - (-188 + 193)
50
What is the value of (17 - 2) + -1 + (-136 + 89 - -41)?
8
What is -27 - 2 - (-97 - (-91 + 60))?
37
Calculate -68 + 21 + -3 - (-16 + 2 + -5).
-31
Evaluate -19 + 11 + (4 - (11 - (-9 - -55))).
31
What is the value of (50 - 76) + -86 - -58?
-54
What is -881 + 911 + (-29 - 2)?
-1
What is the value of 225 - (48 - -101) - -59?
135
Calculate (2 + -14 - (84 + -184 + 83)) + 1.
6
What is 130 - (93 - 103) - 58?
82
What is the value of 60 + (-119 - (-38 - 11))?
-10
What is (-627 - -646) + -1 + 2 + -1 + 0 + 4?
23
What is the value of 28 - (82 - (-17 + 46 + -10))?
-35
Calculate 9 + (-31 - -27) - ((-2 - 3) + -25).
35
48 - 30 - (-8 + (-16 - -8) + 31)
3
What is -69 - (35 - 21) - 3?
-86
Calculate -23 - (-79 - 1 - -33).
24
What is the value of -32 + 59 - (14 - 33)?
46
Evaluate (-58 - -52 - (2 - -4)) + -3 + -2.
-17
What is the value of -15 + (-3 - -26) + (-8 - 10) - -27?
17
What is the value of -76 + 95 - (9 - (8 - -1))?
19
Evaluate (-98 + 24 - -54) + -17 + 1.
-36
What is 131 + 9 + 52 + -163?
29
Evaluate 46 + -1 + -1 - (-184 - -278 - 95).
45
54 + (-33 - 3) - 6
12
(-62 - -100) + 2 + 22
62
38 + 24 + -50 - 7
5
What is (12 - 0) + 1077 + -1101 - -55?
43
(30 - (13 + -58)) + (-2 - (-11 - 3))
87
What is -27 + 25 + -53 + -5 + 27?
-33
What is the value of (-292 - -292) + -18 + 1 + -42?
-59
Calculate -3 - -10 - (7 - -69) - (-1 + 0 - 11).
-57
22 - 36 - (-16 - 67)
69
Evaluate 7 + -2 + 21 + (89 - 77).
38
What is (200 - (-95 + 201)) + -133?
-39
What is (2 + -3 - -3 - -8) + (24 - 27) - 81?
-74
What is (4 - 18) + 28 + 9 - 8?
15
What is -2 + (1 - 2) + 1 - (-2412 + 2397) - -5?
18
Evaluate 0 + -11 + (-26 - 2 - (-214 - -153)).
22
What is the value of 3070 + -3075 - (5 - 2 - -6)?
-14
Evaluate 566 + -569 + (2 - 2 - 49) + 1.
-51
(-27 + -55 - -14) + 85
17
What is (-56 - -116) + -111 + 12?
-39
What is 13 + 3 - (-47 - (23 - 4))?
82
1 - ((4 - (25 + -28)) + -13 - (0 - -7))
14
Evaluate 1324 - 1357 - (-1 + 0 + -1 + (0 - 6)).
-25
What is -14 + (88 - (17 - 21)) + 7 + -3?
82
Calculate -5 + -14 - (-56 - -24) - 113.
-100
-64 + 61 + -1 + (-3 - (-1 - (-2 - -2)))
-6
What is -29 - (19 + -4) - -70?
26
Evaluate 1650 + -1636 - (-4 + (0 - 34) + -4).
56
What is the value of 7 + 1 - (6 - (6 + -17 + 10 - -51))?
52
Calculate -3 + -14 + 6 - -20 - (-1 - (-6 + -49)).
-45
What is the value of -268 + 245 + -2 + 30?
5
(-13 - 0) + -130 + 119 + 18 - (-23 - -1)
16
What is 181 + -137 + -188 + 126?
-18
Evaluate -8 + -1 - (14 + (0 - (0 + 2) - -24)).
-45
What is 15 + 1 + 602 + -662?
-44
What is (-15 - -16 - (14 + -6 - -11)) + -1?
-19
Calculate (-7 - 2) + (-3479 - -3604).
116
4 - (-8 + (-25 - 6))
43
What is 0 + (33 - 24) + -2 + 1 + -39?
-31
Evaluate (13 - 1) + (-57 - (18 + -54 + 3)).
-12
What is -56 + 44 + 13 + -32?
-31
Evaluate -50 - (-13 + (-9 - (1 - 17))) - 14.
-58
10 - (1 + -9 - -29) - (2 + -87 + 0)
74
What is the value of -12 + -60 + (-79 - -71)?
-80
What is the value of (7 - 0) + ((-21 - -16) + 36 - 32)?
6
-46 - (8 - (1 - (-1 + 12 + (-17 - -7))))
-54
What is the value of 54 + 5 + -42 - 9?
8
Calculate 3 + (68 + -85 - 42).
-56
What is (6 - 0) + 3 + -5 + (-41 - -28) - -150?
141
What is the value of (-13 + 0 - (-2 + -14 - -1)) + (-8 - -19)?
13
Evaluate -45 - (9 - 53) - (1 - 0 - -2).
-4
Evaluate 15 + -17 + 32 + (105 - 165).
-30
Evaluate -24 + 13 - -1 - (48 + (-3 - (-5 + 7))).
-53
(-23 - ((-15 - 8) + -47)) + 10
57
What is 8 - 7 - (-26 + -44) - 11?
60
What is the value of 2767 - 2869 - (-2 + -44)?
-56
What is the value of -86 + 33 + 4 + -8?
-57
-14 + 6 - (2 - (-1 - -20) - (-11 + 10))
8
What is the value of 1 - -11 - (-999 - -1033) - (-1 - 6)?
-15
What is the value of 1066 + -1073 + (1 + -2 - -17)?
9
What is (-1 - 11) + (66 - 61) + (-2 - 9) + 6?
-12
What is the value of (-13 - 5) + 17 + (-3 - 3) + 3 - -50?
46
What is -20 + -10 + 103 + (-33 - -6)?
46
Evaluate 12 + 4 + (-21 - (-51 + 21)).
25
Evaluate (10 + (9 - 13) - (7 - -8)) + 0 + 17.
8
Evaluate 149 + (-11 - -7) - (291 + -295).
149
Calculate 52 - (85 - (1 - -48)).
16
Calculate -7571 + 7571 + -68 + (-3 - (-2 + -1 + 2)).
-70
What is -20 + 223 + -209 + (1 - (-3 - -2))?
-4
What is the value of -5 + -6 + (-17 - 0 - -15) + 29?
16
Evaluate -272 - -236 - (1 + -2).
-35
What is the value of (58 - 63) + (-8 - (-2 - 3) - -6) + 33?
31
-554 + 453 + 39 + 0
-62
What is -1 + -1 - (-2 - 10) - 71?
-61
(18 - 1) + -16 + (0 - -2) + -8 + 16
11
-10 - (-15 + 2 + 9) - -16 - (0 - -68)
-58
-66 + (30 - 47) + 7
-76
What is the value of 1 - (142 - 1) - (12323 + -12342)?
-121
Evaluate 39 + (-98 + -58 - -93).
-24
Evaluate 254 - 141 - 123 - (72 + 3).
-85
What is the value of -118 + 116 - ((16 - 2) + 53)?
-69
-16 - (17 + (-31 - 24) + 21)
1
What is the value of -6 + (-20 + 3 - -4 - (18 - 44))?
7
What is the value of 29 + (-7 + 51 - 71)?
2
Calculate 41 - (-2 - 1) - (-821 + 797 + (27 - 0)).
41
What is the value of -32 - (47 + -10 - 100)?
31
Calculate (-4 + 15 + -17 - 4) + 11 + 4.
5
What is ((30 - -18) + -31 - -24) + -31?
10
Calculate -28 + 1 + -56 + 54.
-29
What is the value of -44 - (-79 + 20) - (2 + 1 - 24)?
36
What is 430 + -378 - (31 - -6)?
15
What is 2 - (-31 + (1 - 2)) - (-185 + 389 + -193)?
23
Evaluate (2 - (-8 - -4)) + -2 + 0 + 32 + -30.
6
What is the value of -31 + (-3 - (-22 - -20) - (5 - 4 - 9))?
-24
Calculate -69 + 5 + 12 + 26 - -62.
36
What is 0 + -7 - (4463 + -4495)?
25
Evaluate -292 + (-70 - -361) - ((-3 - -2) + (0 - -18)).
-18
What is (10 - (-2 + 4 + (-98 - -98))) + (-11 - 0)?
-3
Evaluate -18 + 79 + -25 + (7 - -19).
62
What is -12 - (-10 - (-35 - (-52 - -24) - (0 - 2)))?
-7
-17 + -2058 + 2052 + -8 + 0
-31
Calculate (25 + -87 - -38) + -6.
-30
What is -34 - 7 - ((81 - 40) + -95)?
13
What is the value of -42 - -34 - (-2 + -14 - 8)?
16
Calculate -31 + (22 - -138) - 114.
15
Evaluate -1 - 1 - (2 + (-2 - -1) - (4209 + -4222)).
-16
Calculate 22 + (-23 - 3 - (-216 - -132)).
80
Evaluate 9 + -17 - (6 + (-13 - -17 - 7) - -3).
-14
Evaluate -32 + 71 + (-14 - 28).
-3
45 + (34 - -8 - 189) - -13
-89
(-39 - -1) + 71 + 48 + -147
-66
What is 9 + -5 - ((-6 - -9) + -30 + 103)?
-72
What is 26 + -2 - (-15 + (-7 - (6 - (18 - -4))))?
30
What is -22 - ((-8 - -29 - 15 - 20) + -14)?
6
What is 10 - (20 + -30 + 45) - 25?
-50
Evaluate -151 + 67 - (-1 - 82).
-1
What is the value of -7 + -1 - 0 - ((-2 - -34) + -117 + 134)?
-57
-25 - ((31 - 56) + -10)
10
What is 9 - (18 - (-3 + 2 - (-33 + 29)))?
-6
43 + (17 - (30 + -39)) + -13
56
What is the value of 520 + -456 + -5 + 37?
96
What is the value of -503 - -455 - (-2 - 80)?
34
-42 + (42 - 12) + -23
-35
Calculate 64 - (-67 + 141) - (5 - 2 - -2).
-15
Calculate 75 - (14 + 7 + -14) - (-3 + 17).
54
What is -16 - ((18 - -1) + -1 - (-2350 - -2293))?
-91
-83 - ((-88 - -20) + 7)
-22
What is the value of 15 - 2 - (35 + -10 + -21)?
9
Evaluate 17 + (11 - 10 - -5) - 91.
-68
What is 1 - -64 - (16 + 5 + -20 + -13)?
77
What is the value of (-75 - -28) + 5 + 9 + 21?
-12
What is the value of -21 + 8 + (-7 - -32 - 3 - -11)?
20
What is -8 - (-2 + (3 - (12 - 6)) - -96 - -3)?
-102
What is (44 - 69) + 34 + -41?
-32
26 + (37 - 13) + -52 + 94 + 0
92
Evaluate 34 - (4 + -1 - -43).
-12
What is the value of 21 + 53 + -15 + (5 - -3) + -15?
52
What is the value of 13 + (-1 + -15 - (-144 + 136)) + 23?
28
130 - 123 - (-2 - -5 - 26)
30
-165 - -156 - (-42 - -16)
17
Evaluate -3 - 11 - (331 - 385).
40
Evaluate 35 - (-26 + (-88 + 106 - (0 - -10))).
53
What is -2 + 12 + (-50 - -16 - -62)?
38
5 + (-6 - (0 - 0 - -5) - -15)
9
What is the value of -3 - 128 - (38 + (-9 + 38 - 67))?
-131
What is the value of 8 - (-7 - (-3 + (-11 - 10)))?
-9
Calculate (58 - 44) + 0 + -4 - 21 - (8 - -46).
-65
Evaluate -1192 - -1265 - (-2 + 18 + -1).
58
Evaluate (134 + -199 - -83) + -74.
-56
Evaluate 0 + -9 + -4 - (-63 + 62).
-12
Calculate (-86 - -93) + 7 + 4 + -8 + 6 + -34.
-18
What is the value of -52 + 93 + -55 + 1 + 1 + 7?
-5
What is the value of 156 - 122 - 55 - 16?
-37
Calculate -1 + -9 + (78 - 66).
2
Calculate 64 - 83 - ((8 - (-1 - -1)) + -3).
-24
Calculate 51 + -3 + 2 + (14 - (-22 + 66 + -26)).
46
Calculate 1 - -23 - (3608 + -3562).
-22
22 + 21 + -2 + -7 + -7
27
(-7 - (-122 - (5 + -5))) + 601 + -589
127
-29 + (0 - -1 - -18) + (4 - 16) + 4
-18
What is the value of -44 - 14 - (-2 + (-10 - -7) - -16